ppose 3*n - 11 = 4*n + 2*w, 0 = 3*n - 3*w - 12. What are the prime factors of (-1)/(n/(29/1))?
29
Suppose -5*m - 276 = -8*m. What are the prime factors of m?
2, 23
Let t(k) = k**2 + 15. Let z = -8 - -8. List the prime factors of t(z).
3, 5
Let b(u) = 2*u**2 + u - 1. Suppose 0*p = y - 3*p, 3*p = 3*y. Suppose 24 = -2*q + 5*j, 3*j = -y*q + 3*q + 18. List the prime factors of b(q).
5
What are the prime factors of 1912/16*(1 - -1)?
239
Suppose -7*q + 3*q + 208 = 0. Let w = q + -23. What are the prime factors of w?
29
List the prime factors of 3 + (5 - 185/(-5)).
3, 5
Let r(a) = 6*a**2 - 6*a + 1. List the prime factors of r(3).
37
Let i = 262 + -164. What are the prime factors of i?
2, 7
Let r be ((-24)/(-16))/(3/(-4)). What are the prime factors of r/8*-13*4?
13
Let z(q) = -q**3 - 10*q**2. Let a be z(-10). Suppose 170 = 5*r - a*r. What are the prime factors of r/(-2)*(-3 + 2)?
17
Let t = -6 + 8. Suppose 5*k - x + 70 = 0, 4*k - t*x + 18 = -38. Let r = k + 20. List the prime factors of r.
2, 3
Suppose v + y = 5*y + 18, -3*y = 2*v + 8. Let x be 4/(-6)*(-18)/4. Suppose 0 = -v*l + x*p + 23, 2*p = l - 2*p - 9. What are the prime factors of l?
13
Let w(t) = 2*t - 1. Let d be w(2). Let m = d + -1. Suppose -m = i - 4. What are the prime factors of i?
2
Let i = 87 - 51. What are the prime factors of i?
2, 3
Suppose 3*z - 7 = -5*k, -3*k = 5*z - 5*k - 53. Suppose q + 2 + z = 0. Let t = q - -19. What are the prime factors of t?
2
Let a be 16/(-7) + (-2)/(-7). Let m be (a + 21/9)*15. Suppose -4*u + 0*u + 30 = -5*q, 0 = u + 5*q + m. List the prime factors of u.
5
Let j = 13 + 89. What are the prime factors of j?
2, 3, 17
Let i(x) be the second derivative of x**5/20 + 5*x**4/12 + 5*x**3/6 + x**2 - 3*x. Let l be i(-3). Let d = 8 - l. What are the prime factors of d?
3
Let z be (1 - -9) + -3 + 2. Suppose -z = -2*w + 1. List the prime factors of w.
5
Let s(w) = -35*w - 4. What are the prime factors of s(-2)?
2, 3, 11
Suppose 5*q = 3*x + 5, -q + 5*x = x + 16. Let m = -2 + q. What are the prime factors of (m + 24/(-9))*-15?
2, 5
Let j(c) = c**2 - 1. Let v be j(1). Suppose g - 5*x + 15 = 0, v = -g + 5*x - 3*x. What are the prime factors of 30/4*16/g?
2, 3
Let n(y) = 7*y - 6. Let i be n(4). Let f = -4 + i. Let h = -8 + f. What are the prime factors of h?
2, 5
Suppose -3*b + 10 - 1 = 0. Suppose -v - b*l - 108 = -5*v, -4*l + 135 = 5*v. What are the prime factors of v?
3
Let c be (30/12)/((-2)/(-4)). Let s = 3 - c. Let i = 9 + s. What are the prime factors of i?
7
Suppose -2*j - 2 + 4 = 0. What are the prime factors of j/4 + (-153)/(-12)?
13
Let g(u) = 3*u**2 - u - 1. Let d be g(-1). Suppose -3*f = -d*j + 7 + 2, -4*f = -8. List the prime factors of j.
5
Let i(f) be the first derivative of f**4/4 - f**3 - 5*f**2/2 + 6*f - 6. Let q = 0 - -4. List the prime factors of i(q).
2
Let w = -37 - -68. What are the prime factors of w?
31
Let a = 8 + -4. Suppose a*s + 4 = 2*s. List the prime factors of 1 - (-8 - s/(-1)).
11
Let x = -236 + 356. Suppose 16 = 4*g - x. What are the prime factors of g?
2, 17
Let o(r) = -9*r**2 - 2*r - 1. Let x be o(-2). Let j = 57 + x. Suppose -3*i + 9 = -j. What are the prime factors of i?
11
Let z = 10 + -20. Let v(l) = -3*l - 4. Let d be v(-6). Let g = z + d. What are the prime factors of g?
2
Let h(i) = 4*i**2 - 1. List the prime factors of h(4).
3, 7
Let s(f) = f**3 + f**2 - 1. Let g be s(3). Suppose g = 3*j - 8*j. List the prime factors of (-2 + 16/14)*j.
2, 3
Let o be ((-8)/10)/(1/5). What are the prime factors of (-83)/o - 5/(-20)?
3, 7
Suppose 0 = -4*r - 5*a + 606, -3*a + 148 = r - 0*r. What are the prime factors of r?
2, 7, 11
Let l = -58 - -103. List the prime factors of l.
3, 5
Suppose -5*k - 16 = 3*r - 7*r, 12 = 5*k + 3*r. Suppose -3*g = 5*h - 4*g - 32, 5*h - 26 = 3*g. Suppose 3*l + h - 40 = k. What are the prime factors of l?
11
Suppose 2 = 15*p - 14*p. Let g be (-8)/(-3) + 1/3. Suppose 0 = p*y + g*y - 60. List the prime factors of y.
2, 3
Suppose -123 + 44 = -k. What are the prime factors of k?
79
Suppose -5*u + 2*u = 21. Let x = 13 + u. What are the prime factors of x?
2, 3
Let j = -165 - -236. What are the prime factors of j?
71
Let v = -8 + 14. Suppose 4*q + 52 = v*q. List the prime factors of q.
2, 13
What are the prime factors of (-38)/(-1) - (3 - 2)?
37
Let a(d) = -d**3 - 7*d**2 - 6*d + 3. Let l = -21 - -15. Let q be a(l). Let i = -1 + q. What are the prime factors of i?
2
Let y(k) = 26*k - 1 + 24*k - 52*k. Suppose -4*a - 11 = 5*q + 28, 0 = 5*q - 4*a + 31. What are the prime factors of y(q)?
13
Let v be (-8)/28 - (-187)/(-7). Let b = 48 + v. List the prime factors of b.
3, 7
Suppose 3*t = -3*j + 102, -2*t + 39 = 5*j - 4*j. Let v = -17 + j. Let r = v + 6. What are the prime factors of r?
2, 3
Let t(q) = -3*q**3 - q**2 + 3*q + 5. List the prime factors of t(-2).
19
Suppose -4*c - 14 = -5*g - 71, -5*c - 5*g = -15. Let h(v) = -4*v**3 - v + c*v**2 + 3*v**3 - 3*v**2. What are the prime factors of h(4)?
2, 3
Let p = 14 - 5. What are the prime factors of p?
3
Let v = -34 - -47. What are the prime factors of v?
13
Let s(v) = -22*v**2 + 2*v. Let h(i) = 11*i**2 - i. Let c(n) = 5*h(n) + 2*s(n). List the prime factors of c(1).
2, 5
Suppose 0 = a - 3, -2*a + 0*a = 4*h - 18. Let j = -5 + h. Let g(q) = -4*q + 1. List the prime factors of g(j).
3
Suppose -8*k + 1991 = 327. What are the prime factors of k?
2, 13
Let d = -7 - -12. Let i be (-3 - (-1 - d)) + 0. Suppose -2*k = -k - i. List the prime factors of k.
3
Suppose 240 = 3*a - 4*x, 5*a + 14 = -2*x + 414. What are the prime factors of a?
2, 5
Let j(r) = -r**2 + r + 2. Let b be j(3). Let q = b + 9. List the prime factors of 5 + q - 2/(-1).
2, 3
Let v = 41 + -19. Suppose -v - 17 = -3*n. List the prime factors of n.
13
Let t(s) = 6*s**3 - s. Let c be t(1). Suppose 8*q - 4*q + 15 = -a, 0 = -2*a + c*q + 9. Let i = 5 + a. List the prime factors of i.
2
Let b = 3 - 1. What are the prime factors of (b + -11 - 2)/(-1)?
11
Let l = -8 + 68. Suppose 0 = 5*k + 10 - l. What are the prime factors of k?
2, 5
Suppose -3*z = -4*s - 84, -176 + 71 = -3*z - 3*s. List the prime factors of (z/12)/(4/18).
2, 3
Let l = -13 - -18. Suppose 0 = -0*i + l*i - 85. List the prime factors of i.
17
What are the prime factors of (-31)/(-3) - 2/6?
2, 5
Let c(r) = -4*r - 3. Suppose 0 = m - 4*m - 6. Let s be c(m). Suppose s*a - a = 48. List the prime factors of a.
2, 3
Suppose -5*r = 4*x + 122 - 27, -3*x = 2*r + 73. Let j = x + 36. Let u = 15 - j. List the prime factors of u.
2
Suppose -52 = -5*d - 12. Suppose -d*l - 40 = -9*l. List the prime factors of l.
2, 5
Suppose -3*c - 3 = -3*l + 3, 0 = -5*c - l + 20. Let a be 0*(c + -2)/1. Suppose a*r = 2*r - 16. List the prime factors of r.
2
Let g be 4 + -3 - (-2)/1. Suppose -r - 30 = -g*r. What are the prime factors of r?
3, 5
Suppose -46 = -4*c - 2*n, -4*n = -4*c + 2*c + 48. Suppose p = -2*i + c, -p - 13 - 18 = -3*i. List the prime factors of i.
3
Suppose 4*d - 5*h - 91 = 0, -2*d + 5*h + 47 = 2*h. What are the prime factors of d?
19
Suppose -2*f = -f - 3. Let d be 2/1 - 1*f. What are the prime factors of 14 - (1 - d)/(-2)?
3, 5
List the prime factors of -3 - 0 - (-387)/9.
2, 5
Suppose -g = -5, -h = g - 2*g - 21. Suppose 3*t - 5*v = -h + 168, -5*v - 186 = -4*t. What are the prime factors of t?
2, 11
Let m(z) = z**2 - z + 1. What are the prime factors of m(5)?
3, 7
Suppose 9 = r + 3*j, -2*r - 2*j + 7 + 7 = 0. Let z(u) = u**3 - 5*u**2 - 3*u - 4. List the prime factors of z(r).
2, 7
Let g(y) = 2 + 3 + 2*y**2 - 4 + 3*y - y**2. List the prime factors of g(-4).
5
Let m(o) = -9*o + 1. Suppose y - 7 = 2*c, 0*c - 4*c = -3*y + 13. List the prime factors of m(y).
2, 5
Suppose -4*u = -4*q, -3*q - 4*u + 18 = 2*q. Suppose -q*i - i - 5*t - 4 = 0, i - 2*t = 6. List the prime factors of i.
2
Let m = 13 + 7. List the prime factors of m.
2, 5
Suppose 49 - 161 = -o. List the prime factors of o.
2, 7
Suppose -5*x + 2*l - 33 = 29, 0 = 2*x + 2*l + 22. Let k = x + 21. What are the prime factors of k?
3
Suppose 4*p + 5*w - 27 = 0, -p - 5*w - 77 = -5*p. List the prime factors of p.
13
Let r(k) = k - 2. Suppose 0 = -h + 5*h - 28. List the prime factors of r(h).
5
Let c(x) = -x**3 + 10*x**2 + 9*x + 1. List the prime factors of c(5).
3, 19
Suppose k + 300 = 6*k - 5*n, -4 = -4*n. What are the prime factors of k?
61
Su